{"id":4,"date":"2018-01-05T17:59:56","date_gmt":"2018-01-05T17:59:56","guid":{"rendered":"http:\/\/www.cigelski.com\/sophia\/?page_id=4"},"modified":"2018-01-07T21:06:03","modified_gmt":"2018-01-07T21:06:03","slug":"ueber-mich","status":"publish","type":"page","link":"http:\/\/www.cigelski.com\/?page_id=4","title":{"rendered":"\u00fcber mich"},"content":{"rendered":"<h1><strong>Ausbildung<img loading=\"lazy\" class=\"size-medium wp-image-126 alignright\" src=\"http:\/\/www.cigelski.com\/sophia\/wp-content\/uploads\/2018\/01\/ich-on-water-3-225x300.jpg\" alt=\"\" width=\"225\" height=\"300\" srcset=\"http:\/\/www.cigelski.com\/sophia\/wp-content\/uploads\/2018\/01\/ich-on-water-3-225x300.jpg 225w, http:\/\/www.cigelski.com\/sophia\/wp-content\/uploads\/2018\/01\/ich-on-water-3-768x1024.jpg 768w\" sizes=\"(max-width: 225px) 100vw, 225px\" \/><\/strong><\/h1>\n<ul>\n<li><span style=\"font-weight: 400;\">Ausbildung zur Psycholgischen Psychotherapeutin In Verhaltenstherapie bei der APV in M\u00fcnster<\/span><\/li>\n<\/ul>\n<hr \/>\n<h1><strong>Psychotherapeuitsche T\u00e4tigkeit<\/strong><\/h1>\n<ul>\n<li><span style=\"font-weight: 400;\">Praxis Kleinschnitger\/Eigen in Hamm <\/span><\/li>\n<li><span style=\"font-weight: 400;\">Praxis Ahrend\/Rebber in M\u00fcnste<\/span><\/li>\n<li><span style=\"font-weight: 400;\">Seit 1999 in eigener Psychotherapeutischen Praxis in M\u00fcnster am Hafenweg \u00a026b t\u00e4tig<\/span><\/li>\n<\/ul>\n<hr \/>\n<h1><strong>Fortbildungen <\/strong><\/h1>\n<ul>\n<li><span style=\"font-weight: 400;\">Fortbildung Hypnotherapie bei der Milton Erikson Gesellschaft (MEG) 1998<\/span><\/li>\n<li><strong><i>EMDR:<\/i><\/strong>\n<ul>\n<li><span style=\"font-weight: 400;\">Zertifizierte EMDR-Therapeutin seit 2000<\/span><\/li>\n<li><span style=\"font-weight: 400;\">EMDR Supervisorenausbildung, zertifizierte EMDR-Supervisorin seit 2004<\/span><\/li>\n<li><span style=\"font-weight: 400;\">EMDR- FacilitatorIn (Praxisgruppenleiterin der EMDR-Seminare beim EMDR-Institut Deutschland) seit 2006<\/span><\/li>\n<li><span style=\"font-weight: 400;\">daneben fortlaufend Fortbildungen im Bereich EMDR: Bindungsst\u00f6rungen\/Erwachsen\/Kinder\/Debra Wesselmann; Ressourcenverankerung\/Andrew Leeds\/Sandra Foster; Zwangsst\u00f6rungen\/Dr. Carsten B\u00f6hm, Chronische Kopfschmerzen\/Migr\u00e4ne\/Dr. Steven Marcus; Promblempatienten\/Jim Knipe; Depression\/Dr. Arne Hofmann; Kognitives Einweben\/Stabilisierung\/Trauer\/Joany Spierings; Dissoziative St\u00f6rungen\/Akuttrauma\/Dr. Christine Rost; Kinder- und Jugendliche\/Dagmar Eckers; Bulima Nervosa\/Thomas Burkart; Borderline\/Dissoziative St\u00f6rungen\/Destruktive dissoziative Ich-Anteile\/Mosquera; Updates EMDR\/Dr. Arne Hofmann<\/span><\/li>\n<\/ul>\n<\/li>\n<li><span style=\"font-weight: 400;\">Psychoimaginative Traumatherapie (PITT) 2001 bei Dr. Luise Reddemann<\/span><\/li>\n<li><span style=\"font-weight: 400;\">ISSD-Curriculum (International Society for the Study of Dissociation) Dr. Helga Matthe\u00df<\/span><\/li>\n<li><span style=\"font-weight: 400;\">Jahresgruppe Michaela Huber 2004<\/span><\/li>\n<li><span style=\"font-weight: 400;\">Klang, Rhythmus und K\u00f6rper: Nonverbale, Imaginative und Hypnotherapeutische Methoden in der Psychotherapie\/Strobel 2002-2005<\/span><\/li>\n<li><span style=\"font-weight: 400;\">Zertifikat Spezielle Psychotraumatherapeutin (DeGPT Deutschsprachige Gesellschaft f\u00fcr Psychotraumatherapie)<\/span><\/li>\n<li><span style=\"font-weight: 400;\">Seit 2005 kontinuierliche Fortbildungen\/ fortlaufende regelm\u00e4\u00dfige Supervision in Enativer Traumatherapie bei dissoziativen St\u00f6rungen\/<\/span><span style=\"font-weight: 400;\">Dr. Ellert Nijenhuis<\/span><\/li>\n<li><span style=\"font-weight: 400;\">Fortbildung bei Albert Pesso 2011-2014<\/span><\/li>\n<li><span style=\"font-weight: 400;\">Supervisorenfortbildung Verhaltenstherapie, Ausbildungssupervision nach dem AKOS-Konzept\/Dr. Gerald Zarbock 2015-2017.<\/span><\/li>\n<\/ul>\n<hr \/>\n<h1><strong>Dozentent\u00e4tigkeit<\/strong><\/h1>\n<ul>\n<li><span style=\"font-weight: 400;\">Curriculum \u201eSpezielle Psychotraumatherapie\u201c Dozentin bei der APV in M\u00fcnster 2005-2014<\/span><\/li>\n<li><span style=\"font-weight: 400;\">Seit 2005 Lehrt\u00e4tigkeit an verschiedenen Ausbildungsinstituten Verhaltenstherapie im Themenbereich \u00a0Traumafolgest\u00f6rungen <\/span><\/li>\n<li><span style=\"font-weight: 400;\">Seit 2014 Leitung des Integrativen Traumatherapie Instituts \u00a0und Durchf\u00fchrung von Seminaren im Bereich Spezielle Psychotraumatherapie<\/span><\/li>\n<\/ul>\n","protected":false},"excerpt":{"rendered":"<p>Ausbildung Ausbildung zur Psycholgischen Psychotherapeutin In Verhaltenstherapie bei der APV in M\u00fcnster Psychotherapeuitsche T\u00e4tigkeit Praxis Kleinschnitger\/Eigen in Hamm Praxis Ahrend\/Rebber in M\u00fcnste Seit 1999 in eigener Psychotherapeutischen Praxis in M\u00fcnster am Hafenweg \u00a026b t\u00e4tig Fortbildungen Fortbildung Hypnotherapie bei der Milton&hellip; <\/p>\n","protected":false},"author":1,"featured_media":0,"parent":0,"menu_order":0,"comment_status":"closed","ping_status":"closed","template":"","meta":[],"_links":{"self":[{"href":"http:\/\/www.cigelski.com\/index.php?rest_route=\/wp\/v2\/pages\/4"}],"collection":[{"href":"http:\/\/www.cigelski.com\/index.php?rest_route=\/wp\/v2\/pages"}],"about":[{"href":"http:\/\/www.cigelski.com\/index.php?rest_route=\/wp\/v2\/types\/page"}],"author":[{"embeddable":true,"href":"http:\/\/www.cigelski.com\/index.php?rest_route=\/wp\/v2\/users\/1"}],"replies":[{"embeddable":true,"href":"http:\/\/www.cigelski.com\/index.php?rest_route=%2Fwp%2Fv2%2Fcomments&post=4"}],"version-history":[{"count":9,"href":"http:\/\/www.cigelski.com\/index.php?rest_route=\/wp\/v2\/pages\/4\/revisions"}],"predecessor-version":[{"id":187,"href":"http:\/\/www.cigelski.com\/index.php?rest_route=\/wp\/v2\/pages\/4\/revisions\/187"}],"wp:attachment":[{"href":"http:\/\/www.cigelski.com\/index.php?rest_route=%2Fwp%2Fv2%2Fmedia&parent=4"}],"curies":[{"name":"wp","href":"https:\/\/api.w.org\/{rel}","templated":true}]}}